 + 3*w - 441, 5*a + 885 = 4*w. Is 44 a factor of w?
True
Let m(o) be the third derivative of o**6/120 + 3*o**5/20 - 5*o**4/12 - 7*o**3/3 + 2*o**2. Let x be m(-10). Does 5 divide 2/(-7) + (-214)/x?
True
Let f be (-1 + 21/3)/1. Does 12 divide (96/(-10))/f*-30?
True
Suppose -49 = -25*c + 26. Does 3 divide c?
True
Let t(b) = -b**2 - 13*b - 16. Let x be t(-12). Is 12 a factor of ((-2134)/(-88))/((-1)/x)?
False
Is 4 a factor of 153/102*(-7)/((-21)/86)?
False
Let d be 3/(-7) + (-225)/63. Let f = d - -50. Is 5 a factor of f?
False
Let z(n) = -n**3 - 4*n**2 - 4*n - 2. Suppose -5*v + 10 = 0, -4*v = -2*j - 22 + 2. Let k be (-2)/(3/j*-1). Does 7 divide z(k)?
True
Suppose -7*o = 8*o - 30. Let r(i) = 1 + 29*i + 3 - 1. Is 11 a factor of r(o)?
False
Let h = 0 - -134. Suppose -34 = -j + n, h = 5*j - 0*n + 4*n. Is j a multiple of 15?
True
Does 52 divide 6 - 177*112/(-24)?
True
Let d(y) = -10*y - 3. Let n = 21 - 32. Let u be d(n). Let j = -36 + u. Does 19 divide j?
False
Let a = 8 - 6. Suppose 0 = 5*l - a*l - 15, -88 = -3*u + 4*l. Suppose -z = -4*h + 8, -3*h + 2*h = 4*z - u. Does 6 divide z?
False
Let g be ((-1)/1*1)/((-22)/44). Suppose -y + 138 = -5*p, 7*y = 3*y - g*p + 552. Does 18 divide y?
False
Let u = 768 - 420. Is 6 a factor of u?
True
Let a = -464 - -742. Is a a multiple of 6?
False
Let t(k) = -k**3 + k**2 - k. Let h(d) = 4*d**3 - 4*d**2 + 4*d - 10. Let g(i) = -h(i) - 5*t(i). Does 10 divide g(0)?
True
Does 10 divide (3971/(-76) - (-2)/(-8))*-4?
True
Let k(q) = q**2 - q + 515. Let s be k(0). Suppose -3*b - 137 = -s. Is b a multiple of 42?
True
Is 6 a factor of -4 + (-122)/3*276/(-46)?
True
Let f(d) = d**2 - 11*d + 10. Let h be f(10). Suppose m + 5*s - 2*s + 6 = h, 4*s + 34 = 3*m. Suppose m*t - 8*t = -16. Is t a multiple of 8?
True
Suppose -2*o = 4*n - 272, -4*n - 7 = 1. Is 32 a factor of -1 + (3 - 6) + o?
False
Suppose 0 = 10*l - 1348 + 988. Does 9 divide l?
True
Let m(l) = 5*l**3 - l**2 - l + 2. Let z be m(2). Let k = -21 + z. Does 2 divide k?
False
Suppose -5*v + 2*z - 176 - 4 = 0, 5*z = -4*v - 111. Let n be (-6)/(-27) - (-4240)/36. Let l = n + v. Is l a multiple of 12?
True
Let c(l) = 42*l**3 - l**2. Let q(v) = v**2 - 4*v + 4. Suppose -d + 4*o - 1 + 4 = 0, 5*d - 5*o - 15 = 0. Let g be q(d). Is 12 a factor of c(g)?
False
Let i = 156 - -840. Is 12 a factor of i?
True
Suppose 3*z - 24*d + 19*d = 7010, z = -d + 2342. Does 26 divide z?
True
Suppose -12*t = -62 - 850. Let g = -65 + t. Is g a multiple of 9?
False
Let s = 75 + -74. Suppose -2*z - s = -169. Does 21 divide z?
True
Let o(u) = 3*u**2 + 7*u + 9. Let s be o(-3). Suppose -g - 5 = -s. Does 10 divide g?
True
Let v be (-5 - -1)/(14 + -15). Suppose -p - 23 = -5*u, 0 = -5*p + v*u - 1 - 9. Suppose -2*n - 4*j + 256 = p*n, 131 = 2*n + 5*j. Is n a multiple of 12?
False
Let q(h) = -h**3 - 9*h**2 - 3*h - 17. Let p be 2/9 - (-830)/(-90). Is 3 a factor of q(p)?
False
Let g(m) = m**2 - m - 25. Is g(-14) a multiple of 11?
False
Suppose -5*n + 0*n = -4*p - 1168, 4*n = -3*p + 953. Is 118 a factor of n?
True
Suppose 5*f = -5*q + 670, 0*q + 3*f + 288 = 2*q. Is ((-22)/33)/((-4)/q) a multiple of 5?
False
Let d(z) = z**3 + 52*z**2 + 133*z + 39. Is d(-49) a multiple of 7?
False
Let n = 389 + 436. Does 55 divide n?
True
Suppose -10*r + 18728 = 4718. Does 13 divide r?
False
Let y = -630 - -775. Is y a multiple of 5?
True
Let l(d) = -4*d**3 - 9*d**2 - 10*d - 4. Let o(u) = -6 - 3*u**3 + 5 + 2*u**3. Let v(w) = -l(w) + 3*o(w). Is 17 a factor of v(-7)?
False
Let z(c) be the first derivative of -c**4 - 5*c**3/3 + 4*c**2 + 9*c + 14. Does 29 divide z(-5)?
False
Suppose 0 = 7*o - 578 - 10. Is o a multiple of 12?
True
Let b be ((-5)/3)/((-2)/6). Suppose 283 = 3*w + 2*i, -406 = -b*w - 2*i + 63. Is w a multiple of 26?
False
Let r(z) = 4*z + 56. Is r(17) a multiple of 62?
True
Let i(v) = 26*v + 64. Is i(34) a multiple of 79?
True
Let u = -98 - -100. Suppose 4*i = 4*q + 80, u*i + 0*q - 3*q - 41 = 0. Is i a multiple of 12?
False
Let z(l) be the first derivative of -l**3/3 - 25*l**2/2 - 19*l + 15. Is z(-23) a multiple of 27?
True
Let s(w) = -16 + 2*w**2 - w**2 + 14 + w. Does 3 divide s(-3)?
False
Suppose 36*r - 44*r + 14520 = 0. Is 11 a factor of r?
True
Let m = -108 + -44. Let g = -117 - m. Is g a multiple of 5?
True
Suppose 8*i = 2996 + 1036. Does 12 divide i?
True
Does 6 divide (-22 + (-4430)/(-25))/((-2)/(-30))?
True
Let a(k) = -k**2. Let n(h) = -8*h**3 + 5*h**2 + h + 1. Let d(y) = 4*a(y) + n(y). Does 2 divide d(-1)?
False
Let x = 13 - 5. Suppose -x*u + 127 + 1 = 0. Is u even?
True
Suppose 0 = -2*r - 3 + 13. Suppose -2 = -s + h + 11, -s + r*h + 29 = 0. Is s a multiple of 4?
False
Suppose -2*p + 5*c = 12, 5*p - 4*c = 2*p - 25. Let u = p + 13. Suppose 2*j = 5*z + 23, -z - u*z + 24 = 3*j. Does 9 divide j?
True
Let u = 12 - -2. Let t be 7/u*(2 - 12). Let s(h) = -6*h + 6. Is s(t) a multiple of 12?
True
Suppose -23*v - 17810 = -28*v + 5*c, 4*v = -c + 14263. Is v a multiple of 33?
False
Suppose 2*s + 2*s - 88 = 5*o, -5*s - o = -81. Suppose s = 2*h - 3. Let j = h + 26. Does 36 divide j?
True
Let j(n) = n**2 + 10*n + 12. Let u be j(-9). Suppose -5 = 11*d - 12*d. Suppose -2*m = -u*s + 277, 5*m = -d*s - 0*m + 495. Is 28 a factor of s?
False
Let q = 1514 - -3206. Does 10 divide q?
True
Let x = 641 + 315. Is 10 a factor of x?
False
Let h(r) = r**2 + 8*r - 13. Let u be h(-9). Let p(l) = l**2 - 8. Let i be p(u). Let m(w) = 3*w - 21. Does 3 divide m(i)?
True
Let q be 49/3 + (-11)/33. Suppose 4*x = -0*x + q. Suppose -x*y + o + 187 = 0, 4*y - 2*o - 132 = 58. Does 21 divide y?
False
Let l(j) = 11*j - 12 + 4 + 9 + 7 + 3*j**2. Is l(-4) a multiple of 4?
True
Let k(r) = r**3 + 11*r**2 - 15*r - 15. Is 70 a factor of k(9)?
True
Suppose 14*b - 6137 = 8045. Does 68 divide b?
False
Let g = 304 - 172. Is 27 a factor of 1/1*g - (-6)/2?
True
Let z be 0 + 4/6 - (-32781)/63. Let b = z - 349. Is 14 a factor of b?
False
Suppose -2*g + 18 = 2*y, 3*y - 3*g = 1 + 44. Suppose 0 = -3*i - y, -5*k + 106 = 2*i - 6*i. Is (k/(-10))/(3/(-15)) even?
False
Let i(a) = 3*a**2 - 2*a - 1. Let c(o) = -2*o**2 + 2*o + 2. Let x(b) = 2*c(b) + 3*i(b). Let d be x(1). Suppose t = -d*t + 20. Is t a multiple of 2?
True
Let p be (-1)/(8/10 + -1). Suppose p*l - 15 = 2*l. Suppose -i = -92 + l. Does 29 divide i?
True
Suppose 1746 = 3*h - r, 4*r = -15*h + 16*h - 593. Does 83 divide h?
True
Let a(k) = -k**3 + 19. Suppose 54*f - 57*f = 0. Does 16 divide a(f)?
False
Let i = -580 - -1114. Is 60 a factor of i?
False
Let c = 12 + -7. Suppose -3*h + c*h - 150 = 0. Does 15 divide h?
True
Let o = 30 + -30. Suppose -b = -4*x - o*b + 1140, 5*b = -x + 306. Is x a multiple of 22?
True
Suppose 0 = 7*u - 3*u + 64. Is 28 a factor of 1 + 0 + (11 - u)?
True
Let h be (-12)/(-42) - (132/7)/(-4). Suppose -2*w = h*w - 448. Is w a multiple of 17?
False
Let j = 32 - 31. Suppose -u + 5 = j. Does 13 divide ((-12)/15)/(u/(-120))?
False
Let l(u) = -u**3 + 6*u**2 + 8*u + 6. Let s be l(7). Suppose -s*p + 9*p = -128. Let h = 6 + p. Does 19 divide h?
True
Let l(u) = -6*u + 5 - u + 7*u**2 + 9*u**3 - 10*u**3. Is l(5) a multiple of 17?
False
Suppose -3*k + 28 = 4*n, -4 = -2*k + 4. Is n even?
True
Let v = 673 + -486. Is v a multiple of 4?
False
Let u be -2 + -4 - (2 + 0). Let c = u + 12. Suppose -8*s = -c*s - 44. Is s a multiple of 5?
False
Let x(w) = w**3 - 7*w**2 - 6*w - 6. Let i be x(8). Does 14 divide (32/i)/((-6)/(-105))?
True
Let d be 4 + (0 - 2) + 3. Suppose 62 - 22 = 5*k + 2*q, -3*k + d*q = 7. Is k a multiple of 3?
True
Let y(z) = 2*z**2 - 4*z - 13. Let r be y(-3). Let j = 72 - r. Is 11 a factor of j?
True
Let w(a) = -a - 3. Let m be w(-6). Suppose -v + m*v + 2*o - 6 = 0, 2*v + 12 = 4*o. Suppose 0 = -v*d - 5*d + 40. Is 8 a factor of d?
True
Let z be 4/(-14) - (-22)/(-21)*-6. Let b = -153 - -288. Suppose -z*r = -r - b. Does 7 divide r?
False
Suppose 281 = 2*y + 115. Does 23 divide y?
False
Let u be ((-1)/(-2))/((-12)/(-144)). Suppose -k + 14 = -2*p, -3*k = -u*k - p + 70. Is 5 a factor of k?
False
Let o(d) be the third derivative of d**6/72 + d**5/24 + 7*d**4/24 - 10*d**2. Let x(p) be the second derivative of o(p). Is x(4) a multiple of 9?
True
Suppose 4*v = -5*y + 1395, 2*v - 4*v + 695 = 3*y. Is v a multiple of 41?
False
Let v = -707 - -915. Is 78 a factor of v?
False
Let y(d) = -d**3 + 6*d**2 + 5. Let p be y(6). Suppose 0 = 